3*d + 1. Let n be c(m). Let l = n - 12. What is the units digit of l?
7
Let h be (-14)/2 - (-2 + 0). What is the tens digit of (7*1)/(h/(-10))?
1
Suppose 5*b - 2*p + 6 = 2*b, 0 = -p. Let c(h) = h**3 - 2*h**3 - 3 + 2 + h. What is the units digit of c(b)?
5
Let i(t) = -2*t - 3. Let v(b) be the second derivative of b**5/20 + b**4/3 - 2*b**3/3 + 3*b**2/2 - 2*b. Let d be v(-5). What is the units digit of i(d)?
1
Let p be (-46)/(-8) + (-2)/(-8). Let c be (-14)/(-3)*p/4. Suppose -1 = -4*h + c. What is the units digit of h?
2
Let c be 80/(-8)*(-2)/5. Suppose y = c, 0 = -5*j - 4*y + 27 + 134. What is the tens digit of j?
2
Let b = -130 - -236. What is the tens digit of b?
0
Suppose -3*a + 12 = -a. Suppose -6 = -4*c + 2. Suppose h = -c*h + a. What is the units digit of h?
2
Let c be 10 + (6/(-3) - 0). Let t(y) = 7*y**2 + 3*y + 2*y - y**3 - 8 + 1 + 4*y. What is the units digit of t(c)?
1
Let u(q) = 2*q - 14. Let m(n) = n - 5. Let r(h) = 17*m(h) - 6*u(h). What is the units digit of r(2)?
9
Let z be 7*2 - (11 + -7). Let d = 19 + z. What is the units digit of d?
9
Let j(r) = -r**3 + 7*r**2 + 7*r + 2. Let l be j(8). Let p = l - -10. What is the units digit of p?
4
Let y = -34 - -55. What is the tens digit of y?
2
Suppose -3*g + 0*g - 2*d + 14 = 0, -4*g + 3*d = -13. Let l(o) = -o**2 + 5*o - 1. Let q be l(g). Suppose -q*s = -1 - 14. What is the units digit of s?
5
What is the units digit of 298 - (-2 + -3 + 3)?
0
Suppose -2*w = -4*d + 22, w = -0*w + 5*d - 26. Let q be (1 + (0 - -1))/(-1). What is the units digit of (-1 + -9 + q)*w?
2
Let y = 154 + 72. What is the hundreds digit of y?
2
Let d(o) = -o**3 + 2*o**2 + 3*o - 2. What is the units digit of d(-3)?
4
Suppose 3*d = 2*x + x - 78, -3*d + 106 = 5*x. What is the tens digit of x?
2
Suppose -4 = 2*a - 10. What is the units digit of 2 - 6/(-9)*a?
4
Suppose 3*j + f = 170, -f = 4*j + f - 226. What is the tens digit of j?
5
Suppose 4*l + 0*l = 0, 5*j + 5*l + 20 = 0. Let z(k) = -k**2 - 4*k + 2. Let w be z(j). Suppose 2 = w*b, -2*v - b = 4*b - 7. What is the units digit of v?
1
Let a = -118 + 249. What is the tens digit of a?
3
Let k(u) = -u**2 + u. Let a(w) = -4*w**2 + 7*w + 1. Let d(s) = -a(s) + 3*k(s). Let p be d(4). What is the units digit of (1 - (2 - 4)) + p?
2
Suppose 5*t - 144 = t. Let d = -66 - -68. Suppose t + 4 = d*k. What is the units digit of k?
0
Let j(l) = -129*l**3 - 2*l**2 - 2*l. What is the tens digit of j(-1)?
2
Suppose -2*i = 4*t + 13 + 3, -3*t = 2*i + 15. Let j = 10 + i. Suppose -j*q + 19 = -53. What is the units digit of q?
8
Let h(d) = -2*d**3 + 7*d**2 - 9*d - 5. Let a(p) = p**3 - 3*p**2 + 5*p + 2. Let v(q) = -7*a(q) - 4*h(q). What is the units digit of v(7)?
3
Let i = 46 + -6. What is the tens digit of i?
4
Suppose 0 = 4*h + 5 - 1. Suppose 4*z + m = 14 + 10, -4*m = 2*z - 12. Let x = h + z. What is the units digit of x?
5
Suppose -4*h + 35 = 3*f, -h + 6*h - 40 = -3*f. What is the units digit of f?
5
Suppose 2*p + 4 = 18. Let k be (-3)/3*p - -2. What is the units digit of k*(-2)/(-4)*-4?
0
Let d = -32 - -38. What is the units digit of d?
6
Let n(b) = -2*b**3 - 6*b**2 + 17*b + 4. What is the units digit of n(-6)?
8
Let f(y) = y**3 + 7*y**2 + 4*y - 6. Let m be f(-6). Let n = -5 + m. What is the units digit of n?
1
What is the units digit of -2 + -20*(-60)/8?
8
Let w(x) = 3*x**3. Let p be w(-1). Let d(q) = q**2 + 6*q + 4. Let u be d(-6). Let h = p + u. What is the units digit of h?
1
Let g be (-208)/(-12) + 2/(-6). Let o = g - -12. What is the units digit of o?
9
Suppose -3 = c + 3*l, 5*c + 33 = -l - 10. What is the tens digit of (-4)/(-1 - c/12)?
1
Let c(n) = n**3 - n**2 - n + 1. Let x be c(1). Suppose x = -3*a + 53 - 2. What is the units digit of a?
7
Let y be 55/(-6) - 6/(-36). What is the units digit of (-33)/(-4) - y/(-36)?
8
Let i = -3 + 3. Suppose 4*f = 20, -4*k + i*f = 4*f - 64. What is the units digit of k?
1
Let u(z) = -z**3 - 5*z**2 - z. Let j be u(-5). Suppose -j*g + 6 = -24. What is the units digit of g + 1*(-1 + 3)?
8
Let h = 1 - -6. Let o = 21 - h. What is the units digit of o?
4
Suppose -2*u + 3*g + 13 = 0, 0 = -u - 2*g - 6 + 2. Suppose -i + 175 = 4*i. Suppose u*b + i = 7*b. What is the units digit of b?
7
Suppose -2*a = 2*a - 76. Let d = a + -10. What is the units digit of d?
9
Let m be 7/7 + 1 + -1. Let y be (-2)/m*(-8 + 1). What is the units digit of 38/y - (-4)/14?
3
Let g(u) = u**3 + u**2 - 4*u - 7. What is the tens digit of g(5)?
2
What is the units digit of ((-16)/20)/(1/(-65) + 0)?
2
Suppose -2246 - 1579 = -15*t. What is the tens digit of t?
5
Suppose 4*u - 2*b - 8 = 0, 4*b = -0*u + 2*u - 10. What is the units digit of u?
1
Suppose -3*t - t + 20 = 3*o, 3*o - t - 10 = 0. Let f be (6/4)/(o/24). Suppose -4*u = -u - f. What is the units digit of u?
3
Suppose k - 127 = -2*d, 2*d - 690 = -5*k + 3*d. What is the tens digit of k?
3
Let y = -26 + 31. Suppose a - 18 = -w + 4*w, 0 = a + y*w - 58. What is the units digit of a?
3
Suppose -6*f - 18 = -9*f. What is the units digit of f?
6
Let j be ((-35)/(-14))/(1/2). Let y = j - -5. What is the tens digit of y?
1
Suppose -3*q = -0*q - 12. What is the tens digit of 4/((q/(-7))/(-2))?
1
Let m = -4 - -2. Let c(f) = -f**3 - f. What is the units digit of c(m)?
0
Suppose 4*a = -2*q + 124, 35 = q - 4*a - 15. Let y = q - 28. What is the units digit of y?
0
Suppose z = -d + 6 + 4, 2*d + 29 = 5*z. Let p be (1/2)/(1/10). Suppose p + z = f. What is the tens digit of f?
1
Let x be -5 + (-2)/((-2)/(-1)). Let k be 2/(-6) + (-170)/x. Suppose 4*a + 6*c - 2*c = k, 3*a - 20 = -2*c. What is the units digit of a?
6
Let j(u) = u + 0*u + 0*u + 3. Let l be j(7). Let f = l - 6. What is the units digit of f?
4
Let s(n) = 4*n**2 + 1. Let o = -9 - -11. What is the tens digit of s(o)?
1
Suppose r = -2*n - 41, 3*r - 3 - 42 = 2*n. What is the tens digit of -4*(n/(-6))/(-1)?
1
Let p be 0/7*(-1)/1. Let b be 4/(-18) - (-2)/9. What is the units digit of b - (p + (-5)/1)?
5
Suppose 3*i + 2*g = -g + 12, -3*i + 4*g = -26. What is the units digit of (2/i)/((-2)/(-54))?
9
Let j(n) = -13*n + 11. Let x(h) = 7*h - 6. Let f(u) = 4*j(u) + 7*x(u). What is the units digit of f(-5)?
7
Let f be (32/20)/((-4)/(-10)). Suppose 2*j + z = f*z + 15, 0 = -2*z - 2. What is the units digit of j?
6
Suppose -l = 2*i - 5*l - 102, 5*l = -5. Let w = 74 - i. Suppose -3*u = 2*u + w, -u - 14 = -3*j. What is the units digit of j?
3
Let t(b) = -b**3 - 8*b**2 + 1. Let u be t(-8). Let y be ((u - 2) + 1)/(-2). What is the units digit of (-1 + -5)/(-1 - y)?
6
Let i(t) = -258*t - 5. What is the units digit of i(-1)?
3
Let x(j) = -j + 82. What is the tens digit of x(8)?
7
Let c = -2 + 4. What is the tens digit of -2 - c - (-12 + -3)?
1
What is the hundreds digit of ((-5)/(-2))/(1 - 106/108)?
1
Suppose 3*p - 43 = 5*p - a, -2*a - 85 = 5*p. Let v = 21 + p. What is the units digit of v?
2
Suppose 29*k = 24*k + 515. What is the hundreds digit of k?
1
Let j be (-1)/2 - 10/(-4). Suppose -5*f = 3*q + 6, -3*f + q = -q - 4. Suppose z - 5*b - 3 = 0, -4*z + j*b + 0*b + 30 = f. What is the units digit of z?
8
Let y be (-15)/6*4/(-5). Let x be y*1/2*3. Suppose 19 = x*h + 7. What is the units digit of h?
4
Suppose 0 = -8*y + 358 + 130. What is the units digit of y?
1
Let y(c) = 5*c**3 + 2*c**2 - 3*c. What is the tens digit of y(2)?
4
Suppose -2*l + 900 = 3*l. What is the tens digit of l?
8
Suppose 0 = -4*v + f + 9, 0*v - 5*f = 4*v - 3. Suppose -h + 2 = -4*x - 0, -h = 4*x - v. What is the units digit of h?
2
Let l = -47 - -46. Let m be (-2)/(-6) + (-4)/(-6). What is the units digit of m + -2 + 9 + l?
7
Let j be (1/(-2))/((-2)/(-4)). Suppose -16 = -3*b + 7*b. What is the units digit of (j + 10/b)*-2?
7
Suppose 16 = 6*u - 4*u - 4*c, 0 = -u - c - 1. Let o(m) = 9*m - 2. Let q be o(u). What is the units digit of q/3 - 2/(-3)?
6
Let n = 72 - 32. Suppose m + 4*m = n. What is the units digit of m?
8
Suppose 0 = -9*g - 541 + 1828. What is the hundreds digit of g?
1
What is the units digit of (-1 - 1) + 129 + 0 + 2?
9
Let v(n) = n**2 + 15*n + 7. Let f be (8/20)/(2/(-80)). What is the units digit of v(f)?
3
What is the tens digit of (-128)/(-20)*35/2?
1
Suppose -4*w - 317 + 917 = 0. What is the units digit of w?
0
Let f = -459 + 768. What is the hundreds digit of f?
3
Let a(b) = -b**3 + 5*b**2 - 5*b + 4. Let k be 2*-1*5/(-2). Let r